7, 5*q - 1031 = -2*k. Calculate the remainder when q is divided by 11.
9
Let k(m) = m**2 - 13*m + 25. Let z be 6/(-4) + ((-100)/8)/(-1). Calculate the remainder when 34 is divided by k(z).
1
Let b = 79 - -6. What is the remainder when b is divided by ((-2)/(-4))/(5 + 876/(-176))?
19
Let v = 235 - 174. What is the remainder when 1096 is divided by v?
59
Calculate the remainder when 409 - 0/(2 - 13) is divided by 224.
185
Let z(g) = 45*g - 8. Let j be z(13). Let y = -271 + j. Suppose -4*o - y = -10*o. Calculate the remainder when o is divided by 11.
7
Let m = -132 + 117. What is the remainder when 40 is divided by 8/8 - (m - 1)?
6
Let a(j) = j**2 - 6*j + 2. Let r be a(6). Let v = -1050 + 1058. What is the remainder when 22 is divided by (r/2)/(2/v)?
2
Let a be -2*((-2)/7 + (-1996)/(-28)). Calculate the remainder when a/(-8) - 23/(-92) is divided by 4.
2
Suppose -58 = -0*r + 12*r - 13*r. Let n = 45 - 25. Calculate the remainder when r is divided by n.
18
Let a = -424 + 150. Let u = a - -361. What is the remainder when u is divided by 10?
7
Suppose 101*s = 110*s - 738. Let y = 26 - 5. What is the remainder when s is divided by y?
19
Let b = 4345 + -3095. What is the remainder when b is divided by 66?
62
Let c = 3 - -15. Let l(j) = 12*j - 38. Let q be l(9). Suppose -q + 697 = 19*k. Calculate the remainder when k is divided by c.
15
Suppose -p - 3*h + 504 = 0, 11*h - 2 = 10*h. Let g = 783 - p. What is the remainder when g is divided by 11?
10
Suppose 10 = 2*f, -4*c + 100 + 93 = f. Suppose 0 = 5*n + 5*a - 105, n = -75*a + 73*a + 22. Calculate the remainder when c is divided by n.
7
Let v be 105/10 - -4*3/(-8). Suppose -v*r + 542 = -376. Suppose -138 = -5*l + 4*z, -4*l + 3*z + r = 4*z. What is the remainder when 128 is divided by l?
24
What is the remainder when (19 - (-2839)/85)*5 is divided by ((-212)/(3 + -1))/(-2)?
50
Suppose -986 = -4*m + 5*z, 24*m + 1218 = 29*m + z. Calculate the remainder when m is divided by 58.
12
Let b(d) = -6*d**3 - d - 3. Suppose -8 = 3*m - 2. Let n be (-3 - m) + (0 - (-1)/(-1)). Calculate the remainder when b(n) is divided by 24.
23
Calculate the remainder when (-6)/(18/(-84780)*4) is divided by 784.
9
Let y(c) = -c**2 - 168*c - 5026. Suppose -a - s = a - 21, 64 = 3*a - 5*s. What is the remainder when a is divided by y(-129)?
3
Calculate the remainder when 6070 is divided by 36*(19 + 3740/(-198)).
2
Let q = -32 + 49. Suppose -30 = -p + q. Suppose -4*k - 94 + 142 = 0. Calculate the remainder when p is divided by k.
11
Let i(a) = a**2 + 40*a - 66. Suppose -5*l = 5*g - 37 - 508, -3*g + 323 = l. Calculate the remainder when g is divided by i(-42).
17
Suppose 33*l = 32*l - 3*q + 238, 2*l + 3*q = 467. What is the remainder when 1831 is divided by l?
228
Let t(k) = k**2 + 6*k + 9. Let n be t(-6). Suppose -3*j - n = -51. Suppose 2*q + 6 = 0, -3*g - 3*q = 7*q - 126. Calculate the remainder when g is divided by j.
10
Let z be (-2 + 3)*1 + 14. Suppose 5*a = -4*c + z, a = -5*c + 4 - 1. Suppose 5*n = 152 + a. What is the remainder when 91 is divided by n?
29
Let b(f) = 36*f + 75. Let q be b(10). Let a = 455 - q. Calculate the remainder when 22 is divided by a.
2
Let y(p) be the second derivative of 0 + 5/6*p**3 + 5*p + 3/2*p**2. Calculate the remainder when 52 is divided by y(3).
16
Let k = -2687 + 3166. What is the remainder when k is divided by 40?
39
Let m = 504 - -97. Let t = 4016 + -4002. What is the remainder when m is divided by t?
13
Let a = -147 - -246. Suppose 1067 = -17*o - 208. Let m = o + a. What is the remainder when 90 is divided by m?
18
Suppose -2*i + 15896 = 14438. What is the remainder when i is divided by 146?
145
Let n = 21900 + -21117. What is the remainder when 817 is divided by n?
34
Let h(g) = 22*g**3 + 2*g - 6. Let m be h(3). Suppose 0 = 29*s - 7*s - m. Suppose -z - z + 142 = 0. Calculate the remainder when z is divided by s.
17
Let b = -209 + 353. Calculate the remainder when 459 is divided by ((-66)/(-9) - -2)/(32/b).
39
Let w = -19 + 21. Suppose 4*o + w*z - 139 = -z, 4*o - 3*z - 133 = 0. What is the remainder when 665/(-19)*o/(-10) is divided by 30?
29
Let b(i) = 6*i - 24. Let m be b(4). Let v(p) = p**3 + 7*p**2 + p + 25. What is the remainder when 172 is divided by v(m)?
22
Suppose 0 = p - 2*q, q - 18 = -3*p - p. Let j(i) = i**2 + 1. Calculate the remainder when (-2244)/(-27) - (-28)/(-252) is divided by j(p).
15
Suppose -k + y = 1, 0 = -k + 3*y - 13 + 4. Suppose -394*i + 396*i - 19 = -3*x, 0 = -4*i - 5*x + 45. What is the remainder when i is divided by k?
2
Suppose 15*c - 14 = 8*c. Suppose 0*s = -4*s - c*u + 132, -3*s - 3*u + 102 = 0. Calculate the remainder when s is divided by 11.
10
Let d(b) = -b**3 + 12*b**2 + 3*b - 11. Let l be d(12). Let p = l + 5. What is the remainder when p is divided by 138/7 - (-12)/42?
10
Suppose -2*c = -23 - 89. Let q be (-231)/22*20/(-3). Let f = q + c. Calculate the remainder when f is divided by 16.
14
Suppose 2911 = 244*i - 203*i. Suppose -7*p = p - 3936. What is the remainder when p is divided by i?
66
Suppose 0 = -4*f + i + 214, 161 = 3*f - 14*i + 13*i. What is the remainder when 359 is divided by f?
41
Let r be 6*(-39)/(-26)*(1 - 62). Let m = 591 + r. What is the remainder when m is divided by 30?
12
Suppose -w - w + 306 = 0. Let u = 340 - w. What is the remainder when u is divided by 48?
43
Suppose 73*k - 77*k + 116 = 0. Suppose -19 - k = -12*b. What is the remainder when 109 is divided by b?
1
Let l = 6 - 3. Suppose 11*a = -16*a + 891. What is the remainder when a is divided by l?
0
Let j be 46/(((-10)/4)/(-5)). Let y = j - -19. Suppose y = g - 2*t, -4*g + t = -2*t - 459. What is the remainder when g is divided by 20?
17
Let y(z) be the third derivative of z**6/120 + 5*z**4/24 + 6*z**3 - 29*z**2. Let j be y(0). Let x = j - -17. What is the remainder when 101 is divided by x?
48
Let g = -4131 - -4208. What is the remainder when 335 is divided by g?
27
Let k = 342 - 336. Suppose k = -5*t + 131. Calculate the remainder when 49 is divided by t.
24
Let n(f) = -38*f + 387. Let b be n(26). Let l = b + 631. Calculate the remainder when (-2 - (-2 - -1))*-87 is divided by l.
27
Suppose o = 13 + 11. Suppose 0 = -2*x + 3*j - 4*j + 184, 0 = -2*x - 5*j + 200. Let p = x - 50. Calculate the remainder when p is divided by o.
16
Let x = -270 - -475. What is the remainder when x is divided by -37 + -1 + (-26460)/(-245)?
65
Let d(m) = 3*m**2 - 11*m + 10. What is the remainder when 396 is divided by d(-6)?
28
Suppose 36*a - 12*a - 696 = 0. Calculate the remainder when 863 is divided by a.
22
Suppose m + 4*c = -0*c + 61, -4*c = -12. What is the remainder when 1607 is divided by m?
39
Let u be (-1 - 2)/(-3 + 2) - -3373. What is the remainder when 154 is divided by u/64 + (-3)/(-12)?
48
Let d(s) = s**3 + 4*s**2 - 9*s. Suppose -140*m + 20289 = -6591. What is the remainder when m is divided by d(-4)?
12
Let l = 1974 + -1886. Suppose -d = -2*v + 13 + 3, -4*v = 4*d - 44. What is the remainder when l is divided by v?
7
Let z = -15 + 55. Let x = 2115 - 2048. Let r = x - z. Calculate the remainder when 53 is divided by r.
26
Let u(i) = 19*i + 122. Let q be u(-6). Suppose 49 = 3*p + 2*w, -20 = 13*w - q*w. What is the remainder when p is divided by (1 + -4)*32/(-12)?
3
Suppose 5*o - 13 = -5*b + 72, 2*o - 5*b - 6 = 0. Calculate the remainder when (-23)/((-115)/130) - (1 + 0) is divided by o.
12
Let a = 16 - 5. Suppose -4*n - 38 = -2*t, 4*n - 3*t = -0*t - 41. Calculate the remainder when 0 - (-1)/n - (-834)/16 is divided by a.
8
Let f(l) = 2*l**3 - 21*l**2 - 50*l - 124. Calculate the remainder when f(14) is divided by 11.
9
What is the remainder when 65 is divided by (-6 + -159)*(-1)/5?
32
Suppose -3*q + v = -1062, 580 = 3*q + 5*v - 500. Suppose -5*d + q = -0*d. Suppose -54*a - 3809 = -207*a - 1055. What is the remainder when d is divided by a?
17
Let t be (-2)/3*15/40*-52. Suppose t*k = -265 + 2696. What is the remainder when k is divided by 38?
35
Suppose 1 + 12 = -4*b - 3*u, -5*b - 20 = 5*u. Calculate the remainder when 1 + -133*2/(-2) is divided by 2/(b/(-5)*20/68).
32
Let s(g) = g + 1. Let f(x) = -7*x - 16. Let c(k) = 3*f(k) + 6*s(k). Suppose 18*a = 10*a - 2*a - 60. What is the remainder when c(a) is divided by 25?
23
Suppose 18 = -3*s + 9*s. What is the remainder when 42 is divided by (s/2